{"id":963,"date":"2024-01-23T23:02:05","date_gmt":"2024-01-23T22:02:05","guid":{"rendered":"https:\/\/groupe-national.fr\/?post_type=product&#038;p=963"},"modified":"2024-01-23T23:03:08","modified_gmt":"2024-01-23T22:03:08","slug":"amplificateurs-audio-pioneer-ampli-home-cinema-vsx-d510","status":"publish","type":"product","link":"https:\/\/groupe-national.fr\/index.php\/produit\/amplificateurs-audio-pioneer-ampli-home-cinema-vsx-d510\/","title":{"rendered":"AMPLIFICATEURS AUDIO PIONEER AMPLI HOME-CIN\u00c9MA VSX-D510"},"content":{"rendered":"","protected":false},"excerpt":{"rendered":"<ul>\n<li>Rapport signal\/bruit (dB) Non communiqu\u00e9<\/li>\n<li>Puissance maxi 5 x 80 W<\/li>\n<li>Connectivit\u00e9 Entr\u00e9es 5.1 pour compatibilit\u00e9 DVD-Audio, 3 entr\u00e9es num\u00e9riques adressables (1 coaxiale, 2 optiques), 1 sortie num\u00e9rique, 2 entr\u00e9es audio (dont tuner), 1 entr\u00e9e \/ sortie audio (Tape 2 \/ Monitor), 2 entr\u00e9es audio \u2013 vid\u00e9o, 1 entr\u00e9e \/ sortie audio &#8211; vid\u00e9o, 1 sortie vid\u00e9o (TV Monitor), Sortie pr\u00e9-ampli pour caisson de grave.<\/li>\n<li>Couleur Noir<\/li>\n<li>Poids 9 kg<\/li>\n<\/ul>\n","protected":false},"featured_media":928,"template":"","meta":{"_et_pb_use_builder":"","_et_pb_old_content":"","_et_gb_content_width":""},"product_brand":[],"product_cat":[72],"product_tag":[],"class_list":{"0":"post-963","1":"product","2":"type-product","3":"status-publish","4":"has-post-thumbnail","6":"product_cat-amplificateur-hifi","8":"first","9":"instock","10":"shipping-taxable","11":"purchasable","12":"product-type-simple"},"jetpack_sharing_enabled":true,"_links":{"self":[{"href":"https:\/\/groupe-national.fr\/index.php\/wp-json\/wp\/v2\/product\/963","targetHints":{"allow":["GET"]}}],"collection":[{"href":"https:\/\/groupe-national.fr\/index.php\/wp-json\/wp\/v2\/product"}],"about":[{"href":"https:\/\/groupe-national.fr\/index.php\/wp-json\/wp\/v2\/types\/product"}],"wp:featuredmedia":[{"embeddable":true,"href":"https:\/\/groupe-national.fr\/index.php\/wp-json\/wp\/v2\/media\/928"}],"wp:attachment":[{"href":"https:\/\/groupe-national.fr\/index.php\/wp-json\/wp\/v2\/media?parent=963"}],"wp:term":[{"taxonomy":"product_brand","embeddable":true,"href":"https:\/\/groupe-national.fr\/index.php\/wp-json\/wp\/v2\/product_brand?post=963"},{"taxonomy":"product_cat","embeddable":true,"href":"https:\/\/groupe-national.fr\/index.php\/wp-json\/wp\/v2\/product_cat?post=963"},{"taxonomy":"product_tag","embeddable":true,"href":"https:\/\/groupe-national.fr\/index.php\/wp-json\/wp\/v2\/product_tag?post=963"}],"curies":[{"name":"wp","href":"https:\/\/api.w.org\/{rel}","templated":true}]}}