{"id":590,"date":"2024-01-22T15:31:26","date_gmt":"2024-01-22T14:31:26","guid":{"rendered":"https:\/\/groupe-national.fr\/?post_type=product&#038;p=590"},"modified":"2024-01-22T15:32:38","modified_gmt":"2024-01-22T14:32:38","slug":"tablette-apple-ipad-mini-2-2014-argent-16-go-wifi-7-9","status":"publish","type":"product","link":"https:\/\/groupe-national.fr\/index.php\/produit\/tablette-apple-ipad-mini-2-2014-argent-16-go-wifi-7-9\/","title":{"rendered":"TABLETTE APPLE IPAD MINI 2 (2014) ARGENT 16 GO WIFI 7.9&Prime;"},"content":{"rendered":"","protected":false},"excerpt":{"rendered":"<ul>\n<li>Couleur Argent<\/li>\n<li>Syst. exploit. iOS<\/li>\n<li>Cellular NON<\/li>\n<li>Enregistrement vid\u00e9o OUI<\/li>\n<li>Microphone int\u00e9gr\u00e9 OUI<\/li>\n<li>Date de sortie 2013<\/li>\n<li>Taille de l&rsquo;\u00e9cran 200.7 mm (7.9&Prime;)<\/li>\n<li>Haut-parleurs int\u00e9gr\u00e9s OUI<\/li>\n<li>Liaison sans fil Bluetooth \/ Wifi<\/li>\n<li>Lecteur de carte m\u00e9moire NON<\/li>\n<li>WI-FI int\u00e9gr\u00e9 OUI<\/li>\n<li>Capacit\u00e9 16 Go<\/li>\n<li>Nom commercial iPad Mini 2 (2014)<\/li>\n<li>Taille d&rsquo;\u00e9cran 7.9 \u00ab\u00a0<\/li>\n<li>R\u00e9seau NON<\/li>\n<li>R\u00e9solution 2048 x 1536 pixels<\/li>\n<li>Type de t\u00e9l\u00e9phone Ardoise<\/li>\n<li>Profondeur 7.5 mm<\/li>\n<li>Largeur 134.7 mm<\/li>\n<li>Hauteur 200 mm<\/li>\n<li>Poids 331 g<\/li>\n<li>\u00c9cran tactile OUI<\/li>\n<li>Carte m\u00e9m. admise NON<\/li>\n<li>Type de support de stockage Flash<\/li>\n<li>Type de batterie Lithium Polym\u00e8re (LiPo)<\/li>\n<li>R\u00e9seau NON<\/li>\n<li>Bluetooth OUI<\/li>\n<li>Fabricant de processeur Apple<\/li>\n<li>Vitesse du processeur 1.3 GHz<\/li>\n<li>R\u00e9tro-\u00e9clairage \u00e0 LED OUI<\/li>\n<li>Clavier fourni NON<\/li>\n<li>Gamme de processeur A7<\/li>\n<li>Technologie tactile Multi-touch<\/li>\n<li>Ports HDMI NON<\/li>\n<li>Sortie casque audio OUI<\/li>\n<li>Cam\u00e9ra avant OUI<\/li>\n<li>Cam\u00e9ra arri\u00e8re OUI<\/li>\n<li>Appareil photo princ. N.C<\/li>\n<\/ul>\n","protected":false},"featured_media":579,"template":"","meta":{"_et_pb_use_builder":"","_et_pb_old_content":"","_et_gb_content_width":""},"product_brand":[],"product_cat":[42],"product_tag":[],"class_list":{"0":"post-590","1":"product","2":"type-product","3":"status-publish","4":"has-post-thumbnail","6":"product_cat-ipad","8":"first","9":"instock","10":"shipping-taxable","11":"purchasable","12":"product-type-simple"},"jetpack_sharing_enabled":true,"_links":{"self":[{"href":"https:\/\/groupe-national.fr\/index.php\/wp-json\/wp\/v2\/product\/590","targetHints":{"allow":["GET"]}}],"collection":[{"href":"https:\/\/groupe-national.fr\/index.php\/wp-json\/wp\/v2\/product"}],"about":[{"href":"https:\/\/groupe-national.fr\/index.php\/wp-json\/wp\/v2\/types\/product"}],"wp:featuredmedia":[{"embeddable":true,"href":"https:\/\/groupe-national.fr\/index.php\/wp-json\/wp\/v2\/media\/579"}],"wp:attachment":[{"href":"https:\/\/groupe-national.fr\/index.php\/wp-json\/wp\/v2\/media?parent=590"}],"wp:term":[{"taxonomy":"product_brand","embeddable":true,"href":"https:\/\/groupe-national.fr\/index.php\/wp-json\/wp\/v2\/product_brand?post=590"},{"taxonomy":"product_cat","embeddable":true,"href":"https:\/\/groupe-national.fr\/index.php\/wp-json\/wp\/v2\/product_cat?post=590"},{"taxonomy":"product_tag","embeddable":true,"href":"https:\/\/groupe-national.fr\/index.php\/wp-json\/wp\/v2\/product_tag?post=590"}],"curies":[{"name":"wp","href":"https:\/\/api.w.org\/{rel}","templated":true}]}}